 v = 117 - 83. What is the greatest common factor of v and 85?
17
Suppose 0 = -5*x + u + 48, -6*u - 30 = -2*x - 2*u. Let k = 139 - 130. What is the highest common divisor of k and x?
9
Let c(z) = -z**3 + 0*z + 4 - 2*z**2 + 0*z**2 + z - 5*z**2. Let h be c(-8). Calculate the greatest common divisor of h and 150.
30
Suppose -15 = f - 6*f. Calculate the highest common factor of f and 1.
1
Let j(r) = -3*r + 10. Let s be j(-6). Calculate the highest common factor of 7 and s.
7
Let x(s) = -s + 1. Let q be x(2). Let t be 2*q - -124 - 2. What is the highest common divisor of 15 and t?
15
Let m = -15 - -27. Let t(s) = 2*s**2 + 7*s + 2. Let k be t(-10). What is the greatest common factor of m and k?
12
Let v(t) = 82*t + 3. Let u(w) = -1. Let q(j) = 4*u(j) + v(j). Let d be q(1). Calculate the highest common factor of 9 and d.
9
Let j = -80 - -197. What is the highest common factor of 13 and j?
13
Suppose -4*b + 21 = -3*i, -5*b - 3*i + 1 = -59. Calculate the greatest common factor of b and 144.
9
Suppose -164 = -4*m + 2*x, -m + 0*m - 5*x = -41. Let s = m - 5. Suppose -4*u = 4*g - 0*g, 0 = -u + g + 8. What is the greatest common divisor of s and u?
4
Let i be ((-21)/12)/(-7)*52. Let m be 2/(-6) - (-236)/6. Calculate the greatest common factor of m and i.
13
Let z(a) = 2*a**3 - 2*a**2 + 3*a. Suppose 4 = -5*h + 24. Let v be z(h). Calculate the highest common divisor of 12 and v.
12
Let b = -1 - -8. Let r be ((-14)/(-6))/((-3)/(-18)). What is the greatest common factor of r and b?
7
Let n be 1 - (4 + -1*33). What is the greatest common factor of 40 and n?
10
Suppose 2*c + 81 = 4*y - c, y - 5*c - 16 = 0. Calculate the greatest common factor of y and 7.
7
Suppose -2*h = 8*d - 3*d - 68, 58 = 4*d - 2*h. Suppose 0*z = 3*z + 9. Let j be 2/(-3) - 8/z. What is the highest common factor of j and d?
2
Suppose -l = b + 3, 3*l - 4*b - 3 + 5 = 0. Let m(p) = 4*p**2 - p - 2. Let s be m(l). What is the greatest common divisor of 4 and s?
4
Let z be 2/(2/(11 - -1)). Suppose -2*b = -333 + 85. Let h = b - 64. Calculate the greatest common factor of z and h.
12
Let u(k) = k**2 - 8*k + 21. Let h be u(5). What is the highest common divisor of 24 and h?
6
Suppose -3*v = 3*b - 0*b, -2*b = 4*v + 8. Suppose 2*i - 4*z = z - 6, 0 = 2*i + 5*z - 14. Suppose -k - i = -6. What is the greatest common divisor of k and b?
4
Let i be 112/12*30/4. Calculate the highest common factor of 105 and i.
35
Let n be (-1)/1*(-28)/(-1). Let b be n/8 + (-1)/(-2). Let f be 2 + b + 2 - -62. Calculate the greatest common factor of f and 7.
7
Suppose 0 = 2*i + 3 - 5. Let z be 1/i*6/6. What is the greatest common divisor of z and 8?
1
Suppose -2*r = -5*n - 4*r + 152, -4*n + r + 119 = 0. Suppose 2*x + 0*x + 30 = 5*d, -d + 2*x = -6. What is the greatest common factor of d and n?
6
Suppose 360 = 160*v - 157*v. Let l = 14 + 1. Calculate the greatest common factor of v and l.
15
Let m be 1 - (2 - -6)/1. Let o be (m + -2)/(-3) + 1. Suppose 0*v - 120 = -o*v. What is the greatest common divisor of v and 15?
15
Suppose 3*k - 2 = 4. Suppose 155 = 3*u - y, 0 = -0*u + 5*u - k*y - 260. What is the highest common factor of u and 75?
25
Suppose -22 = -3*u + 11. What is the highest common factor of u and 88?
11
Let x = 32 - 20. Let t = 4 + 4. What is the greatest common factor of x and t?
4
Suppose 5*v + 105 = 4*x, v = 3*x + 2*v - 93. What is the highest common factor of 40 and x?
10
Let z = 3 + 0. Suppose 0 = -x + z*x - 20. What is the greatest common factor of x and 90?
10
Let b(j) = -j**2 + j + 10. Let p be b(0). Let u be (4 - 5)/((-2)/p). Let m be (20/(-2))/((-4)/18). Calculate the greatest common divisor of u and m.
5
Suppose -2*g - g + 48 = 0. Suppose -4*m + g = -12. What is the highest common factor of 21 and m?
7
Let l(n) = 6*n**2 - n - 1. Let u be l(-1). Let f be 12/16 + (-558)/(-24). What is the highest common factor of f and u?
6
Let s = 1 + 2. Suppose -108 = s*z - 4*z. Let j = 198 - z. Calculate the highest common divisor of j and 10.
10
Suppose 2*l - 3 = 3*l. Let y be l + 4 - -1 - -24. Calculate the highest common factor of y and 65.
13
Let a(c) = c**3 + 5*c**2 + 4*c - 1. Let d be a(-3). Calculate the highest common divisor of d and 5.
5
Suppose -7*q + 2*q + 240 = 0. Let w be (6/(-4))/((-2)/q). What is the highest common factor of 24 and w?
12
Let l(h) = -h**2 + 3 - 2*h**3 + 2*h + 0*h + 3*h**3. Let x be l(3). Let r = -7 - -16. Calculate the greatest common factor of x and r.
9
Suppose -3*n + 4*x = -n + 4, 5*n - 5 = 5*x. Suppose 18 = i - n. Let b = i - 15. What is the highest common factor of b and 35?
7
Let i(w) = -4*w + 2. Let n be -2*((-3)/(-1))/3. Let j be i(n). Calculate the highest common divisor of 5 and j.
5
Let f be ((-12)/16)/((-4)/32). Calculate the greatest common factor of 24 and f.
6
Suppose -5*t = 2*a - 3*t + 20, 2*a + 4*t + 20 = 0. Let z be (-424)/(-14) - a/(-35). What is the greatest common factor of z and 12?
6
Let g = 4 - 6. Let v be (-4 - g - -35) + 0. Suppose -3 = -n - 4*p, p = 4*n + 3*p - 40. Calculate the highest common divisor of n and v.
11
Let d(v) = 2*v**2 - 2*v - 1. Let t be d(-1). Suppose -5*b = -t*b - 144. Calculate the greatest common divisor of 9 and b.
9
Suppose -g = -j + 16, -2*j + 29 = -0*g - 3*g. Let a = 20 - j. What is the greatest common divisor of 5 and a?
1
Let w(i) = -2*i - 8. Suppose 3*g = 5 + 16. Suppose -o = g - 1. Let r be w(o). What is the highest common factor of r and 6?
2
Suppose -2*g - 3 = 1. Let j = g + 3. Let o be (5*-6)/((-1)/j). What is the greatest common divisor of 12 and o?
6
Suppose -2*j - 1 - 3 = 0. Let a be j + 2 - (-11 + 0). Calculate the highest common divisor of a and 121.
11
Suppose 116 = 3*v + 101. Let g(d) = -d**3 - 3*d**2 + 4. Let c be g(-3). Suppose -c*i - 9 = -z, 5*z - 4 = 4*z - i. What is the highest common factor of v and z?
5
Suppose -11 - 6 = -2*c - 5*n, 2*c - 3*n - 9 = 0. Suppose 4*b - c = -3*x + b, -4*x = 3*b - 10. What is the highest common factor of 10 and x?
2
Let w(k) = -k - 2. Let p be w(-7). What is the greatest common divisor of p and 15?
5
Let o be (-14)/(83/(-27) - -3). Let p = -134 + o. What is the greatest common factor of 11 and p?
11
Suppose 0 = -3*s + q + 69, -4*s + 86 = -2*q - 4. What is the highest common factor of 168 and s?
24
Let y = 89 - 59. Calculate the greatest common factor of 15 and y.
15
Suppose 5*k - 9 = 1. Let v be -1*364/((-4)/k). What is the highest common divisor of v and 26?
26
Suppose 16*w = 19*w - 42. Calculate the greatest common factor of 21 and w.
7
Let w = -56 + 104. Calculate the highest common factor of w and 12.
12
Let w(o) = 2*o - 4. Let g(v) = v**3 - 6*v**2 - 5*v - 9. Let m be g(7). Let h be w(m). What is the greatest common divisor of h and 4?
2
Let g = 31 + -18. Suppose -60 = g*u - 14*u. Calculate the greatest common divisor of u and 40.
20
Let x be 0 + 22/(-3)*-12. What is the greatest common divisor of x and 8?
8
Let a(d) = d + 2. Let u be a(0). Calculate the highest common factor of 10 and u.
2
Suppose 0 = -3*m - s + 124, -4*m + 3*m + 32 = 5*s. Calculate the greatest common factor of m and 6.
6
Let d = 83 + -75. What is the highest common divisor of d and 4?
4
Let t be 6916/42 - (-2)/6. Let m(b) = -b**3 - 3*b**2 + 2*b + 3. Let v be m(-4). Suppose -4 = -i + v. Calculate the highest common divisor of i and t.
15
Let n = 9 - -4. Calculate the highest common factor of 143 and n.
13
Suppose 3*c = 4*u - 33, 2*u + c + 2*c - 3 = 0. Let a(k) = -2*k + 9. Let t be a(u). Let y be 1 + t - 19/(-1). Calculate the highest common divisor of 136 and y.
17
Let v(x) = 8*x - 1. Let y be v(-1). Let b(o) = -2*o**2 + 3*o - 1. Let k be b(4). Let t = y - k. Calculate the highest common factor of t and 4.
4
Let q = 19 + 0. Calculate the greatest common factor of q and 38.
19
Suppose -3*l + 82 - 13 = 0. Calculate the highest common factor of l and 69.
23
Let q(t) = -3*t - 2. Let y be q(-2). Suppose y*r = r + z + 195, -5*z - 79 = -r. What is the highest common divisor of r and 16?
16
Suppose 0 = 5*c + 3*p - 107, c - 7 = -0*c + 3*p. Calculate the greatest common factor of 209 and c.
19
Let j = 33 - 20. What is the highest common factor of j and 65?
13
Suppose 4*t - 3*t = 189. What is the highest common factor of t and 21?
21
Let d(x) = 5*x + 4. Let m be d(7). Suppose -3*w + 5*y = -m - 3, 5*y = 0. Calculate the greatest 